List the prime factors of 5085840820.
2, 5, 2621, 97021
List the prime factors of 92954597.
92954597
What are the prime factors of 87378888?
2, 3, 241, 15107
What are the prime factors of 797087797?
11, 1913, 37879
What are the prime factors of 171989171?
3701, 46471
What are the prime factors of 2857035537?
3, 105816131
List the prime factors of 1371165706.
2, 41, 1913, 8741
What are the prime factors of 42186285?
3, 5, 211, 1481
List the prime factors of 135565897.
107, 467, 2713
What are the prime factors of 23392981?
47, 53, 9391
List the prime factors of 2295721332.
2, 3, 21256679
What are the prime factors of 960479536?
2, 29, 2069999
List the prime factors of 4598998.
2, 2299499
What are the prime factors of 26557698?
2, 3, 4426283
List the prime factors of 7371850855.
5, 1474370171
What are the prime factors of 28353143?
7, 13, 173, 1801
What are the prime factors of 82852001?
3203, 25867
List the prime factors of 273457849.
7, 29, 71, 18973
What are the prime factors of 57350625?
3, 5, 73, 419
List the prime factors of 798489519.
3, 266163173
List the prime factors of 484820551.
79, 373, 16453
What are the prime factors of 2091752754?
2, 3, 7, 13, 1327, 2887
List the prime factors of 333368343.
3, 7, 11, 481051
What are the prime factors of 56563130?
2, 5, 13, 257, 1693
What are the prime factors of 241561556?
2, 60390389
List the prime factors of 79102698.
2, 3, 2333, 5651
What are the prime factors of 272781437?
272781437
What are the prime factors of 18582257?
167, 111271
List the prime factors of 1093774432.
2, 149, 229399
What are the prime factors of 269484642?
2, 3, 7, 79, 27073
List the prime factors of 128862510.
2, 3, 5, 7, 173, 3547
List the prime factors of 875538220.
2, 5, 43776911
List the prime factors of 3186328270.
2, 5, 167, 1907981
List the prime factors of 96939021.
3, 32313007
What are the prime factors of 1455364795?
5, 291072959
List the prime factors of 1220286568.
2, 47, 151, 21493
List the prime factors of 2275683184.
2, 6779, 20981
List the prime factors of 142124507.
7, 113, 353, 509
List the prime factors of 1505300400.
2, 3, 5, 257, 1627
What are the prime factors of 147724449?
3, 19, 136403
What are the prime factors of 1395479525?
5, 11, 179, 28349
What are the prime factors of 3152162198?
2, 1576081099
List the prime factors of 3508736772.
2, 3, 2129, 137339
What are the prime factors of 6544602545?
5, 13, 67, 101, 14879
List the prime factors of 121077686.
2, 6133, 9871
What are the prime factors of 1767557249?
73, 337, 71849
List the prime factors of 2343803907.
3, 1187, 658187
List the prime factors of 131299632.
2, 3, 31, 67, 439
What are the prime factors of 3159683096?
2, 394960387
List the prime factors of 202988982.
2, 3, 7, 43, 112397
What are the prime factors of 3729694631?
13, 22069199
What are the prime factors of 243227336?
2, 11, 2763947
What are the prime factors of 345060326?
2, 13, 13271551
What are the prime factors of 1428279534?
2, 3, 11, 409, 5879
List the prime factors of 357625325.
5, 14305013
List the prime factors of 1607466809.
13, 131, 943903
List the prime factors of 3179008113.
3, 1059669371
What are the prime factors of 771945552?
2, 3, 7, 85091
What are the prime factors of 821435135?
5, 1693, 97039
List the prime factors of 24507902.
2, 331, 37021
What are the prime factors of 242739039?
3, 17, 59, 80671
What are the prime factors of 2852983436?
2, 43, 16587113
List the prime factors of 56562339.
3, 379, 49747
What are the prime factors of 1496476920?
2, 3, 5, 163, 76507
List the prime factors of 74626548.
2, 3, 31, 200609
What are the prime factors of 2479982520?
2, 3, 5, 20666521
List the prime factors of 37376168.
2, 4672021
List the prime factors of 16711917.
3, 29, 192091
What are the prime factors of 48860772?
2, 3, 83, 49057
What are the prime factors of 2184338494?
2, 13, 84013019
List the prime factors of 558522975.
3, 5, 2237, 3329
List the prime factors of 112948743.
3, 89, 109, 3881
What are the prime factors of 423800627?
37, 11454071
What are the prime factors of 2603350474?
2, 19, 29, 233, 10139
What are the prime factors of 25801379?
25801379
List the prime factors of 93608979.
3, 43, 241, 3011
List the prime factors of 265750363.
43, 6180241
List the prime factors of 545057811.
3, 4813, 12583
What are the prime factors of 98693480?
2, 5, 2467337
List the prime factors of 4407421.
23, 191627
List the prime factors of 43987147.
19, 2315113
What are the prime factors of 122889357?
3, 13654373
What are the prime factors of 313327413?
3, 7, 23, 1471
What are the prime factors of 102254912?
2, 229, 6977
What are the prime factors of 963238082?
2, 6101, 78941
List the prime factors of 1823754821.
7, 439, 541, 1097
List the prime factors of 3430452.
2, 3, 285871
What are the prime factors of 260644095?
3, 5, 37, 52181
List the prime factors of 7228314576.
2, 3, 7, 1024421
List the prime factors of 1667158977.
3, 11, 43, 1174883
What are the prime factors of 677045401?
431, 1570871
List the prime factors of 789377878.
2, 47, 659, 12743
What are the prime factors of 3631365464?
2, 307, 1019, 1451
List the prime factors of 962555906.
2, 13, 37021381
List the prime factors of 5056429229.
233, 21701413
What are the prime factors of 589777772?
2, 2693, 54751
What are the prime factors of 51830261?
7, 59, 125497
What are the prime factors of 3672108849?
3, 1224036283
What are the prime factors of 123236583?
3, 41078861
What are the prime factors of 47927233?
17, 157, 17957
List the prime factors of 1223129057.
20639, 59263
List the prime factors of 43067217.
3, 53, 439, 617
What are the prime factors of 94532384?
2, 2954137
List the prime factors of 9236435.
5, 13, 142099
List the prime factors of 144832596.
2, 3, 79, 152777
What are the prime factors of 7312364467?
71647, 102061
What are the prime factors of 2244236943?
3, 13, 761, 75617
List the prime factors of 340914078.
2, 3, 37, 557, 919
What are the prime factors of 2173779173?
11321, 192013
What are the prime factors of 45397930?
2, 5, 881, 5153
What are the prime factors of 1386258553?
23, 43, 311, 4507
What are the prime factors of 249018379?
41, 6073619
What are the prime factors of 489584503?
14561, 33623
What are the prime factors of 7333586?
2, 13, 1669
List the prime factors of 39467350.
2, 5, 13, 60719
List the prime factors of 184619537.
184619537
What are the prime factors of 523679564?
2, 29, 4514479
List the prime factors of 1850677240.
2, 5, 229, 281, 719
What are the prime factors of 1268367030?
2, 3, 5, 7, 37, 54413
What are the prime factors of 61593738?
2, 3, 29, 53, 6679
What are the prime factors of 8892059181?
3, 2964019727
List the prime factors of 13808335.
5, 17, 162451
What are the prime factors of 1486021339?
11, 139, 479, 2029
List the prime factors of 766220436.
2, 3, 23, 925387
List the prime factors of 2571362241.
3, 7, 122445821
What are the prime factors of 1615929767?
431, 3749257
What are the prime factors of 33461794?
2, 61, 274277
List the prime factors of 43804651.
11, 631, 6311
What are the prime factors of 2217848143?
7, 45262207
List the prime factors of 137457430.
2, 5, 11, 23, 54331
What are the prime factors of 60955093?
157, 199, 1951
What are the prime factors of 1199953956?
2, 3, 37, 137, 19727
List the prime factors of 508951745.
5, 101790349
List the prime factors of 439045686.
2, 3, 251, 97177
What are the prime factors of 7361329?
53, 138893
What are the prime factors of 161227936?
2, 29, 71, 2447
What are the prime factors of 308100194?
2, 4643, 33179
What are the prime factors of 1096810151?
1096810151
What are the prime factors of 2571173261?
43, 101, 592027
List the prime factors of 62969766.
2, 3, 2543, 4127
List the prime factors of 2368642008.
2, 3, 98693417
List the prime factors of 5104370440.
2, 5, 13, 41, 239417
What are the prime factors of 146938687?
7, 20991241
What are the prime factors of 35107571?
53, 662407
What are the prime factors of 639495307?
11, 17, 653, 5237
What are the prime factors of 1089789738?
2, 3, 719, 252617
List the prime factors of 28403923.
17, 1670819
List the prime factors of 61657838.
2, 11, 479, 5851
What are the prime factors of 843643629?
3, 97, 966373
What are the prime factors of 6206400421?
13, 477415417
List th